6887511 composite?
True
Is 391553 a composite number?
False
Is 28403 composite?
False
Is 27068903 prime?
True
Is 8009923 prime?
False
Is 108086273 prime?
True
Is 55293377 prime?
True
Is 57281723 a prime number?
True
Is 1263319 prime?
True
Is 68475887 a prime number?
True
Is 112266493 a composite number?
False
Is 10139609 prime?
True
Is 26080387 a prime number?
False
Is 110263733 prime?
True
Is 80127127 a composite number?
False
Is 35018717 composite?
False
Is 51592094 composite?
True
Is 220333 a prime number?
True
Is 5382842 a prime number?
False
Is 40945679 a prime number?
True
Is 61620719 a composite number?
True
Is 12366337 prime?
True
Is 2611589 composite?
True
Is 441294487 a prime number?
True
Is 39964403 prime?
False
Is 256984649 composite?
False
Is 52753027 composite?
False
Is 335441 prime?
False
Is 2255579 a prime number?
False
Is 5973299 composite?
True
Is 1246123 a prime number?
False
Is 2784251 composite?
True
Is 164419729 a prime number?
True
Is 97965097 a prime number?
True
Is 4701209 prime?
False
Is 2249579 composite?
False
Is 10164329 a prime number?
False
Is 404366629 a prime number?
True
Is 212309 a composite number?
True
Is 39462553 prime?
False
Is 1407781567 a composite number?
True
Is 9481469 a composite number?
True
Is 4441939 a prime number?
True
Is 49800833 prime?
True
Is 1958929 a prime number?
False
Is 136347457 a prime number?
True
Is 815467 composite?
True
Is 3657637 a composite number?
False
Is 1756081 prime?
False
Is 16916693 a prime number?
True
Is 5721139 composite?
False
Is 603997807 a prime number?
False
Is 39707471 prime?
True
Is 86724709 prime?
True
Is 4654697 prime?
True
Is 38669002 composite?
True
Is 56758423 a composite number?
True
Is 2302655 a prime number?
False
Is 1777169 prime?
True
Is 11628997 prime?
True
Is 7506509 composite?
False
Is 75275713 a prime number?
False
Is 8777023 a composite number?
True
Is 66048761 composite?
False
Is 6932327 prime?
True
Is 596077 a prime number?
False
Is 37206703 composite?
False
Is 137342689 composite?
True
Is 11460829 prime?
False
Is 251323489 composite?
True
Is 15002501 a composite number?
True
Is 3401183 composite?
False
Is 3190687 a prime number?
True
Is 2124557 a prime number?
False
Is 1030531 a prime number?
False
Is 1142027 a composite number?
True
Is 129478133 a composite number?
True
Is 26232781 composite?
False
Is 52501 a prime number?
True
Is 136416943 a prime number?
False
Is 83364409 composite?
False
Is 60421157 composite?
False
Is 166633079 a prime number?
True
Is 146742569 a composite number?
False
Is 4803783 prime?
False
Is 943387 a composite number?
False
Is 11644261 a composite number?
False
Is 192735967 prime?
True
Is 178803809 a prime number?
True
Is 5987041 a composite number?
True
Is 285163 composite?
True
Is 734057 a composite number?
False
Is 17331565 composite?
True
Is 1722821 composite?
False
Is 12961367 a composite number?
False
Is 21695101 a composite number?
True
Is 18255241 composite?
True
Is 1467929 composite?
True
Is 4600273 a composite number?
True
Is 5349221 prime?
False
Is 40376559 a prime number?
False
Is 672353579 a prime number?
False
Is 609017 composite?
True
Is 16081679 composite?
False
Is 3898207 composite?
False
Is 67795531 prime?
False
Is 8089463 a composite number?
True
Is 1741801 a composite number?
True
Is 7360531 prime?
True
Is 26038879 a prime number?
True
Is 184219985 a prime number?
False
Is 4665181 prime?
False
Is 12077057 a composite number?
True
Is 40560757 a composite number?
True
Is 113707131 a prime number?
False
Is 1424749 a prime number?
True
Is 1606553 a prime number?
False
Is 2942323 a prime number?
True
Is 32654305 composite?
True
Is 28651537 a composite number?
True
Is 18641533 prime?
True
Is 273795603 a prime number?
False
Is 39319279 a composite number?
True
Is 2344967 prime?
True
Is 4723435 composite?
True
Is 4727045 a prime number?
False
Is 16680471 prime?
False
Is 89190989 a composite number?
False
Is 64906269 a prime number?
False
Is 1753309 prime?
True
Is 901649401 a prime number?
False
Is 7279469 a prime number?
False
Is 15977921 prime?
True
Is 926455 prime?
False
Is 150585857 composite?
False
Is 3225749 prime?
True
Is 88758935 a composite number?
True
Is 182183333 a prime number?
True
Is 2496043 prime?
False
Is 32909 composite?
False
Is 7659467 prime?
True
Is 442173 composite?
True
Is 2980843 prime?
True
Is 484783847 prime?
True
Is 5556983 composite?
False
Is 11886271 a composite number?
False
Is 91645247 prime?
True
Is 3033193 composite?
True
Is 6504539 prime?
True
Is 16429619 prime?
False
Is 59871961 a composite number?
True
Is 28975487 a prime number?
True
Is 859 a composite number?
False
Is 6006577 a composite number?
True
Is 6849155 a prime number?
False
Is 227461177 a composite number?
False
Is 49381403 a composite number?
True
Is 21505493 composite?
True
Is 1971331 a prime number?
False
Is 2627659 a prime number?
False
Is 6147221 a prime number?
True
Is 964978951 a prime number?
True
Is 37796497 a composite number?
False
Is 15271673 composite?
True
Is 174567 prime?
False
Is 3764149 composite?
False
Is 1071983 prime?
False
Is 30478493 a composite number?
False
Is 4227477 a composite number?
True
Is 36684833 a prime number?
True
Is 36047839 a composite number?
True
Is 898879 a composite number?
True
Is 114174821 composite?
False
Is 304597 prime?
True
Is 720623 a composite number?
True
Is 840647 a composite number?
True
Is 70973269 prime?
False
Is 33379357 prime?
False
Is 2158451 a prime number?
False
Is 429219071 a prime number?
True
Is 1838717 a composite number?
False
Is 423173 prime?
True
Is 952589 a composite number?
True
Is 309355 a prime number?
False
Is 21751442 composite?
True
Is 22614017 composite?
False
Is 5174219 composite?
False
Is 156763433 a composite number?
True
Is 6400727 a prime number?
False
Is 5245339 a composite number?
True
Is 99246959 prime?
False
Is 36460519 a composite number?
False
Is 24988529 a composite number?
True
Is 4657687 a prime number?
True
Is 3049963 prime?
False
Is 248199191 prime?
True
Is 3037487 composite?
True
Is 43129357 a prime number?
False
Is 60859 prime?
True
Is 761109 composite?
True
Is 397688933 a composite number?
True
Is 36240031 composite?
False
Is 11040703 a composite number?
False
Is 22559729 composite?
False
Is 5167733 prime?
True
Is 589411841 a composite number?
False
Is 1039587 composite?
True
Is 680687 composite?
True
Is 355192349 prime?
False
Is 60319109 a composite number?
True
Is 2028071 a composite number?
True
Is 8953657 composite?
True
Is 46047151 a composite number?
True
Is 24510337 a composite number?
True
Is 28110301 a prime number?
False
Is 9094807 a composite number?
False
Is 23222671 a prime number?
True
Is 640103 composite?
True
Is 49739897 a composite number?
False
Is 50123551 prime?
True
Is 657386281 prime?
True
Is 803477 prime?
False
Is 31940549 a prime number?
True
Is 33339974 prime?
False
Is 2083691 a composite number?
True
Is 12815315 a composite number?
True
Is 635867 prime?
True
Is 70379719 composite?
False
Is 2668399 prime?
True
Is 18405071 composite?
True
Is 439165085 prime?
False
Is 37318159 composite?
True
Is 9816721 prime?
False
Is 5086489 prime?
False
Is 713021 a prime number?
True
Is 5010217 composite?
False
Is 50245853 a composite number?
True
Is 96395105 a prime number?
False
Is 111084079 a composite number?
True
Is 1940839 a composite number?
True
Is 37542009 composite?
True
Is 184631299 prime?
True
Is 11539162 a composite number?
True
Is 6645922 composite?
True
Is 20496659 prime?
False
Is 455177 a composite number?
False
Is 118452671 a prime number?
True
Is 402557 a prime number?
False
Is 19749001 a composite number?
False
Is 257017991 composite?
True
Is 10147981 composite?
False
Is 2655241 prime?
True
Is 11853803 composite?
True
Is 1029053 prime?
False
Is 30621457 a prime number?
True
Is 1086793 a prime number?
False
Is 14383361 composite?
True
Is 387824329 prime?
True
Is 543150331 prime?
True
Is 12049411 composite?
True
Is 289673 composite?
True
Is 88273714 composite?
True
Is 1339777 a composite number?
False
Is 258365243 a prime number?
True
Is 3483053 prime?
False
Is 29456297 a composite number?
True
Is 19305337 a prime number?
True
Is 1470133 prime?
False
Is 5394997 composite?
False
Is 4654213 a 